b**4 + 0*b**2 - b**3 + 2*b. What is n(2)?
-2
Let f = 1 + 5. Let g(z) = 3*z - 4. What is g(f)?
14
Let t be (2/5)/((-2)/10). Let d be -1 + 3 + (-2)/t. Let a(z) be the second derivative of -z**4/12 + 2*z**3/3 + z. What is a(d)?
3
Let z be (-5)/(-7) - 6/(-21). Let j(n) be the first derivative of -13*n**3/3 + n + 10. Give j(z).
-12
Let n = -238 + 232. Suppose 3*m = 9, -2*t + 4*m - 6 = 2. Let l(a) = 4*a - 6 + a**2 + t*a - a. Determine l(n).
0
Let k(u) be the first derivative of -u**5/120 + u**4/8 + u**3 - 4. Let h(v) be the third derivative of k(v). What is h(2)?
1
Let c(g) = -g + 10. Let l be c(8). Let q(v) = v**3 - 2*v**l - 3*v - 1 + v + 4*v**3. Give q(-1).
-6
Let d be (1/(-4))/((-5)/20). Suppose -h = b + b - 8, -5*b = 5*h - 20. Let q = b - d. Let y(p) = -2*p + 3. Calculate y(q).
-3
Let h be (-9 - -7) + (0 - -2). Let d(j) be the third derivative of 0 + j**2 + 0*j + 0*j**3 + 1/120*j**6 + 0*j**4 + h*j**5. Calculate d(-2).
-8
Let p(y) = 8 - 7 + 0*y - y + 3*y. Give p(6).
13
Suppose c = -2*c + 9. Let k(y) = 5*y**2 - 16*y + 6. Let q(n) = -n**2 + 3*n - 1. Let h(t) = 2*k(t) + 11*q(t). Calculate h(c).
-5
Let u(l) be the third derivative of -l**9/60480 - l**8/6720 + l**7/1260 + l**6/720 + l**5/20 - 4*l**2. Let p(t) be the third derivative of u(t). What is p(-4)?
1
Suppose -2*c = -3*c + 3. Suppose -j = c*j - 12. Let q be (0 - (j + -1)) + -3. Let g(t) = t**3 + 4*t**2 - 5*t - 3. What is g(q)?
-3
Let d = -4 - -3. Let r be -1 + (-6 - (d - 2)). Let h(k) = -5*k + 4*k**3 - 2 - 3*k**3 + 3*k**2 + 4. Determine h(r).
6
Let i = -2 + 3. Suppose -i = -3*z + 5. Let f(a) = 7*a + a + z - 3. What is f(1)?
7
Let a(k) = -2*k - 1. Suppose -2*o - o - 3*b - 21 = 0, 0 = -4*o - b - 13. Calculate a(o).
3
Let o be (3 - 2) + 2 + 2. Suppose -3*v - 4 = -o*v. Let k(p) = -p**3 + 2*p**2 + 2*p - 3. Give k(v).
1
Let s(d) = d**2 + 8*d + 7. Let g be s(-7). Let v(k) = k + 0*k + 1 + 5. Give v(g).
6
Let r = -26 + 27. Let j(i) = 2*i. What is j(r)?
2
Let n(m) be the second derivative of m**5/20 + 5*m**4/12 + m**3/3 - m**2 - 12*m. What is n(-3)?
10
Let q(r) = -r + 4*r + 57 - 60. Determine q(2).
3
Let x(a) be the first derivative of a**3/3 - 3*a**2/2 + a - 3. Let r be x(1). Let l(d) = -2*d**3 + d**2 - 1. Give l(r).
2
Let j(d) = d**2 + 7*d + 1. Let z(y) = 3*y - y**2 - 3*y**2 + 4*y**2 - 3*y**2. Let w be z(2). Determine j(w).
-5
Let u(n) be the first derivative of n**4/4 - 7*n**3/3 + 3*n**2 + 6*n + 4. Calculate u(6).
6
Let o(s) = 0*s - 6*s + 8*s + 3*s - 1. Suppose -4*i - 3*b = -4*b + 1, -4*b = -i + 11. Give o(i).
-6
Let n(d) be the second derivative of -d**5/20 - d**4/6 + 5*d**3/6 + 3*d**2/2 + 4*d. What is n(-3)?
-3
Let g = 11 + -15. Let q = -1 - -5. Let k(f) = f - 2 + f**3 - 2*f**3 + 0 - q*f**2. Determine k(g).
-6
Let p be 11/(-22) - 9/(-2). Let h(b) = -b**2 + 3*b - 3. Give h(p).
-7
Let q(i) = i**3 + 7*i**2 + 5*i - 6. Let g be (-1 - 1)*(-2 - -5). Determine q(g).
0
Let r(o) = o**2 + 7*o - 3. Let f be r(-8). Let y(v) = 11 - 4 - f + 5*v - 4*v. Calculate y(0).
2
Suppose 0*c + 9 = -3*c. Let g = c - -8. Let o(v) = 3*v**2 - 22*v - 11. Let k(y) = -2*y**2 + 15*y + 7. Let n(z) = -7*k(z) - 5*o(z). What is n(g)?
6
Let h(g) be the second derivative of g**6/120 - g**5/12 - g**4/8 + 2*g**3/3 + g**2/2 - g. Let t(l) be the first derivative of h(l). What is t(5)?
-11
Let w(b) = 3*b - 3*b**2 - 3*b**2 + 0*b + 5*b**2 - 2. Let l(k) = -k**2 + 3*k - 2. Let f(j) = -6*l(j) + 7*w(j). Calculate f(2).
0
Let m be 5/1*(-12)/(-10). Let u(l) = l**2 - 8*l + 6. Give u(m).
-6
Let u(r) = -r**2 - 4*r + 2. Let h(z) = -z**2 - 4*z + 2. Let j(o) = -4*h(o) + 3*u(o). Determine j(-4).
-2
Let f(n) = -2*n**2 + 4*n - 6. Let o(h) = -h**2 + 3*h - 5. Let p(t) = 2*f(t) - 3*o(t). Determine p(-3).
-3
Let f = 136 - 142. Let q(w) be the second derivative of w**4/12 + 2*w**3/3 - 2*w**2 - w. Determine q(f).
8
Let b(m) = -m**3 - 1. Let g be (-5)/2*6/(-3). Suppose -d - 4*d - g = 0. Let s be b(d). Let j(i) = i. Determine j(s).
0
Let t(x) be the second derivative of -x**3/6 - x**2/2 + 28*x. Calculate t(6).
-7
Let x be 0 + 3*(0 - 1). Let c(k) = k - 1. Let p(b) = -b**3 - 4*b**2 + 5*b - 3. Let f be p(-5). Let i(g) = 2*g - 4. Let q(v) = f*c(v) + i(v). What is q(x)?
2
Let p = -27 - -28. Let g = 2 + -2. Let c = g - p. Let u(n) = 5*n**3 - n. Give u(c).
-4
Let c(n) = 1 - 2 - 3 - 2*n. Let v = -16 + 11. Give c(v).
6
Suppose -2*y - 8 = 4. Let g = 0 - y. Let o = 4 - g. Let t(k) = -k**2 + 3*k + 1. Give t(o).
-9
Let t(s) be the third derivative of -s**4/8 - 2*s**2. Let v = -3 - -2. Determine t(v).
3
Let g(j) be the first derivative of j**4/8 + j**3/6 + 2*j**2 + 4. Let o(u) be the second derivative of g(u). Determine o(-1).
-2
Let w(t) be the second derivative of 1/6*t**3 - 1/5*t**5 + 0*t**2 - 1/12*t**4 + 0 + 2*t. Calculate w(1).
-4
Suppose -5*n = -b + 18 + 6, -n = 3*b + 8. Suppose p + 1 - 3 = -2*g, -5*p + 5*g + 55 = 0. Let q(i) = 3*i - p*i + 4*i - 1 - 7*i. Calculate q(b).
7
Let q(i) = -i**3 - 5*i**2 - 2*i - 6. Let m be 115/23*(-1 + (-1 - -1)). What is q(m)?
4
Let j(p) = -p**2 + 3*p + 2. Let n(f) = f**3 + 11*f**2 - f - 8. Let a be n(-11). What is j(a)?
2
Suppose -5 = -t + 2. Let c(v) = -v**3 + 2*v**3 + 6 - t + v. Let x = 1 + 1. Give c(x).
9
Let g(c) = -4*c**2 + 0*c**3 - 4 - c**3 + 8 + 2*c. Calculate g(-3).
-11
Suppose 0 = -2*y - y - 9, 4*d + 3 = -5*y. Let v(h) = 2*h + h + 1 - 5. Determine v(d).
5
Let g(k) = 7*k + 2. Let c be g(-1). Let d(b) = b**2 + 5*b + 7. Determine d(c).
7
Let k(j) = j. Let q be k(4). Suppose -5 = -a, 0*l - 2*l - q*a = 2. Let z = -8 - l. Let b(t) = t**3 - 3*t**2 + t + 2. Calculate b(z).
5
Let j(l) be the third derivative of -l**4/8 - l**3/2 + 2*l**2. Determine j(-5).
12
Let o(g) = 2*g + 6. Let c be (-2)/(-1) + 15 - -1. Let k = 13 - c. Determine o(k).
-4
Let q be 0 - 1/((-1)/148). Let l be q/(-20) - (-6)/15. Let n = l + 5. Let t(k) = -k**3 - k**2 + 2. Give t(n).
6
Let k(m) = -5*m - 2. Let w(r) = -12*r - 5. Let j(o) = -5*k(o) + 2*w(o). Let y be 1 - (-4)/(-1 + 2). Give j(y).
5
Let t(m) = -3*m - 6. Let a(f) = -2*f - 19. Let k be a(-7). Determine t(k).
9
Let z(b) = -2*b - b**3 - 3*b**2 - 1 - b**2 - 4. What is z(-4)?
3
Let d(t) be the first derivative of t**3/3 - t**2/2 - t - 13. What is d(2)?
1
Let u(d) = -d**3 - 7*d**2 - 5*d - 1. Suppose -4*h + 61 - 15 = -2*f, 3*f - 1 = -h. Suppose -j + 4 = h. Calculate u(j).
-7
Let t(z) = 3*z - 5*z**2 + 5 + 0 + z**3 + 0. Suppose 5*w - 9 = -y + 20, 0 = -4*w - 3*y + 32. Suppose -2*n - j + 18 = 3*n, -3*n + 2 = w*j. Calculate t(n).
1
Let h(r) be the second derivative of -r**7/2520 - r**5/120 - r**4/12 + r. Let j(u) be the third derivative of h(u). Let z be (-14)/10 - 2/(-5). What is j(z)?
-2
Let u be (6/4)/((-3)/(-8)). Let h(w) = 3*w + 2. Let n(m) = -2*m - 3. Let b(i) = -i + 3. Let r be b(0). Let p(g) = r*h(g) + 4*n(g). What is p(u)?
-2
Let f(j) = -j**2 - 6*j + 6. Let h = -10 + 4. Determine f(h).
6
Let v(u) be the second derivative of -u**5/20 - 7*u**4/12 + u**3 - 11*u**2/2 + 22*u. Determine v(-8).
5
Let w(y) = -2*y + 93*y**3 - 4*y**2 - 48*y**3 - 46*y**3 + 2. Give w(-3).
-1
Let c(u) = 5*u + 6. Let m(i) = -11*i - 13. Let v(x) = 5*c(x) + 2*m(x). What is v(-4)?
-8
Let m = 4 + -8. Let w(a) = 2*a**2 - 9*a - 5. Let r(n) = -3*n**2 + 10*n + 5. Let u(j) = 3*r(j) + 4*w(j). What is u(m)?
3
Let m(b) be the third derivative of b**5/60 - 7*b**4/24 - 5*b**3/6 - 17*b**2. What is m(7)?
-5
Suppose -20 = 4*i - 0*i. Let o be (-65)/25 + 2/i. Let a(r) = r**2 + 4*r + 2. Give a(o).
-1
Let m(c) = 8*c**2 - 6*c - 3*c**2 - 4*c**2 - 6 + 0*c**2. Let j be ((-2)/(-6))/((-4)/(-36)). Let o be 4/(-10)*j*-5. Calculate m(o).
-6
Let m(j) = j**2 + 8*j + 8. Let g = -54 + 48. Calculate m(g).
-4
Let q(r) = -r**3 - r**2 + r - 1. Let t(z) = z + 2. Let c be t(-4). What is q(c)?
1
Let o = 4 - 8. Let n(l) = -2 - 2*l - l + 0*l - l**3 + l - 8*l**2. Let v(r) = r**3 + 7*r**2 + 2*r + 2. Let a(c) = 3*n(c) + 4*v(c). Give a(o).
-6
Let k(q) = -2*q**2 + 2*q + 6. Let n be k(3). Let c(b) = -2*b - 2. Calculate c(n).
10
Let k(b) = 11*b - 1. Suppose 3*s - 87 = -5*a, -2*a = -4*a - 2*s + 34. Suppose 2*t - a = -t. Let z = 7 - t. Determine k(z).
10
Let g(s) be the second derivative of s**5/20 - s**4/2 + 5*s**3/6 - 2*s**2 - 2*s. Let q be g(5). Let d(k) = k**3 + 5*k**2 + 3*k + 2. Calculate d(q).
6
Let s(i) = -7*i + 51. Let q be s(7). Let k(f) = 5*f**3 + 9*f**2 - 4*f - 5. Let u(x) = 2*x**3 + 4*x